 337, 367
List the prime factors of 132735.
3, 5, 8849
List the prime factors of 279536.
2, 17471
What are the prime factors of 6152044?
2, 1538011
List the prime factors of 2086751.
19, 109829
What are the prime factors of 301933?
301933
List the prime factors of 174341.
313, 557
List the prime factors of 3096552.
2, 3, 129023
What are the prime factors of 91955?
5, 53, 347
List the prime factors of 312949.
7, 13, 19, 181
List the prime factors of 3128619.
3, 13, 80221
What are the prime factors of 703993?
337, 2089
What are the prime factors of 627199?
577, 1087
What are the prime factors of 831102?
2, 3, 138517
What are the prime factors of 6604582?
2, 3302291
List the prime factors of 2327024.
2, 7, 79, 263
List the prime factors of 838379.
838379
List the prime factors of 5153152.
2, 127, 317
List the prime factors of 1235592.
2, 3, 131
What are the prime factors of 44188?
2, 11047
What are the prime factors of 39527279?
11, 1117, 3217
List the prime factors of 5624927.
7, 11, 29, 229
What are the prime factors of 1454505?
3, 5, 13, 7459
What are the prime factors of 3669443?
23, 159541
What are the prime factors of 2831861?
2831861
What are the prime factors of 974644?
2, 11, 17, 1303
What are the prime factors of 55742?
2, 47, 593
What are the prime factors of 1665095?
5, 333019
List the prime factors of 277474.
2, 17, 8161
What are the prime factors of 269777?
349, 773
List the prime factors of 2130802.
2, 367, 2903
What are the prime factors of 813650?
2, 5, 16273
What are the prime factors of 67736?
2, 8467
List the prime factors of 24966456.
2, 3, 19, 54751
What are the prime factors of 2799303?
3, 13, 71777
What are the prime factors of 196703?
13, 15131
What are the prime factors of 13802689?
13802689
What are the prime factors of 337167?
3, 37463
List the prime factors of 146510.
2, 5, 7, 13, 23
List the prime factors of 724506.
2, 3, 17, 7103
What are the prime factors of 3339872?
2, 29, 59, 61
List the prime factors of 7625.
5, 61
List the prime factors of 2686638.
2, 3, 19, 23567
List the prime factors of 8466734.
2, 4233367
What are the prime factors of 248346?
2, 3, 7, 73
List the prime factors of 2835145.
5, 307, 1847
List the prime factors of 390957.
3, 7, 18617
What are the prime factors of 18464688?
2, 3, 11, 11657
List the prime factors of 3466499.
3466499
List the prime factors of 8539113.
3, 11, 19, 13619
What are the prime factors of 3477122?
2, 11, 61, 2591
What are the prime factors of 1454848?
2, 5683
What are the prime factors of 258152?
2, 23, 61
What are the prime factors of 967675?
5, 38707
List the prime factors of 691222.
2, 7, 97, 509
List the prime factors of 6184135.
5, 1236827
What are the prime factors of 255082?
2, 127541
What are the prime factors of 1292007?
3, 269, 1601
List the prime factors of 72583.
7, 10369
List the prime factors of 6250819.
41, 152459
What are the prime factors of 512205?
3, 5, 34147
List the prime factors of 53303.
151, 353
List the prime factors of 259854.
2, 3, 7, 23, 269
What are the prime factors of 157025?
5, 11, 571
What are the prime factors of 13521?
3, 4507
What are the prime factors of 14944069?
7, 304981
What are the prime factors of 25529820?
2, 3, 5, 463, 919
List the prime factors of 4185647.
97, 43151
List the prime factors of 490484.
2, 17, 7213
List the prime factors of 3277782.
2, 3, 182099
What are the prime factors of 3963539?
3963539
List the prime factors of 20772725.
5, 17, 37, 1321
What are the prime factors of 282904?
2, 35363
What are the prime factors of 1168588?
2, 292147
List the prime factors of 7056654.
2, 3, 11, 31, 3449
List the prime factors of 890128.
2, 55633
List the prime factors of 26748656.
2, 11, 19, 421
List the prime factors of 191059.
11, 1579
What are the prime factors of 170222?
2, 13, 6547
What are the prime factors of 1409090?
2, 5, 140909
What are the prime factors of 4684034?
2, 53, 44189
List the prime factors of 1509528.
2, 3, 62897
What are the prime factors of 22851?
3, 2539
What are the prime factors of 429599?
429599
What are the prime factors of 429719?
429719
List the prime factors of 764861.
587, 1303
What are the prime factors of 821790?
2, 3, 5, 23, 397
List the prime factors of 15601079.
13, 1200083
What are the prime factors of 7270236?
2, 3, 19, 1181
List the prime factors of 3585074.
2, 71, 25247
What are the prime factors of 592898?
2, 521, 569
List the prime factors of 388929.
3, 129643
What are the prime factors of 5667767?
7, 53, 15277
What are the prime factors of 618317?
7, 19, 4649
What are the prime factors of 1163940?
2, 3, 5, 19, 1021
What are the prime factors of 136890?
2, 3, 5, 13
What are the prime factors of 8207769?
3, 2735923
List the prime factors of 303714.
2, 3, 47, 359
List the prime factors of 8112443.
8112443
What are the prime factors of 7455692?
2, 1863923
List the prime factors of 4885630.
2, 5, 17, 29, 991
What are the prime factors of 94372?
2, 23593
What are the prime factors of 785626?
2, 73, 5381
What are the prime factors of 10130321?
41, 211, 1171
List the prime factors of 3277854.
2, 3, 101, 601
What are the prime factors of 24225?
3, 5, 17, 19
List the prime factors of 126816.
2, 3, 1321
What are the prime factors of 32941262?
2, 79, 208489
List the prime factors of 586032.
2, 3, 29, 421
What are the prime factors of 9810289?
19, 97, 5323
List the prime factors of 1732446.
2, 3, 109, 883
What are the prime factors of 198799?
61, 3259
List the prime factors of 1295300.
2, 5, 12953
What are the prime factors of 2031094?
2, 13, 191, 409
List the prime factors of 123939.
3, 47, 293
What are the prime factors of 2439958?
2, 47, 101, 257
What are the prime factors of 5327923?
19, 61, 4597
What are the prime factors of 24109129?
11, 23, 8663
What are the prime factors of 3378824?
2, 422353
List the prime factors of 2839846.
2, 53, 73, 367
List the prime factors of 1701195.
3, 5, 23, 4931
List the prime factors of 23941889.
31, 199, 3881
What are the prime factors of 448951?
19, 23629
What are the prime factors of 4022976?
2, 3, 23, 911
List the prime factors of 7024986.
2, 3, 383, 1019
What are the prime factors of 126242?
2, 17, 47, 79
List the prime factors of 36847.
36847
What are the prime factors of 1034236?
2, 7, 43, 859
What are the prime factors of 259968?
2, 3, 677
What are the prime factors of 12168285?
3, 5, 157, 5167
What are the prime factors of 1075571?
7, 19, 8087
What are the prime factors of 2453905?
5, 271, 1811
What are the prime factors of 673270?
2, 5, 13, 5179
What are the prime factors of 475889?
475889
List the prime factors of 2113284.
2, 3, 61, 2887
What are the prime factors of 42124?
2, 10531
What are the prime factors of 167003?
23, 53, 137
List the prime factors of 665677.
665677
List the prime factors of 361175.
5, 14447
What are the prime factors of 766770?
2, 3, 5, 61, 419
List the prime factors of 1063757.
1063757
What are the prime factors of 9190180?
2, 5, 459509
What are the prime factors of 4153821?
3, 7, 223, 887
List the prime factors of 14478345.
3, 5, 7, 5107
What are the prime factors of 18027879?
3, 29, 43, 61, 79
List the prime factors of 282643.
37, 7639
What are the prime factors of 5675199?
3, 113, 16741
List the prime factors of 13067948.
2, 67, 48761
What are the prime factors of 13669946?
2, 31, 37, 59, 101
List the prime factors of 44610.
2, 3, 5, 1487
List the prime factors of 243202.
2, 17, 23, 311
What are the prime factors of 1998617?
1998617
What are the prime factors of 13668?
2, 3, 17, 67
List the prime factors of 1748342.
2, 19, 139, 331
List the prime factors of 42767634.
2, 3, 7, 13, 29, 37, 73
What are the prime factors of 3101338?
2, 1550669
List the prime factors of 985458.
2, 3, 23, 37, 193
What are the prime factors of 4068589?
7, 581227
What are the prime factors of 29017431?
3, 3224159
What are the prime factors of 2376?
2, 3, 11
List the prime factors of 31216058.
2, 1063, 14683
What are the prime factors of 2795901?
3, 931967
List the prime factors of 7784544.
2, 3, 131, 619
List the prime factors of 12048771.
3, 7, 71, 8081
List the prime factors of 25453671.
3, 929, 9133
What are the prime factors of 116985?
3, 5, 11, 709
List the prime factors of 1965053.
811, 2423
List the prime factors of 6694121.
7, 95630